{"id":25,"date":"2019-12-31T14:41:46","date_gmt":"2019-12-31T13:41:46","guid":{"rendered":"https:\/\/www.reisenberger.at\/reiprivat\/?page_id=25"},"modified":"2025-01-11T19:29:54","modified_gmt":"2025-01-11T18:29:54","slug":"ueber-mich","status":"publish","type":"page","link":"https:\/\/www.reisenberger.at\/reiprivat\/ueber-mich\/","title":{"rendered":"\u00dcber mich"},"content":{"rendered":"<div id=\"pl-25\"  class=\"panel-layout\" ><div id=\"pg-25-0\"  class=\"panel-grid panel-no-style\" ><div id=\"pgc-25-0-0\"  class=\"panel-grid-cell\" ><div id=\"panel-25-0-0-0\" class=\"so-panel widget widget_sow-editor panel-first-child panel-last-child\" data-index=\"0\" ><div\n\t\t\t\n\t\t\tclass=\"so-widget-sow-editor so-widget-sow-editor-base\"\n\t\t\t\n\t\t>\n<div class=\"siteorigin-widget-tinymce textwidget\">\n\t<p>Name: <strong>Reinhard<\/strong><\/p>\n<p><!-- \/wp:paragraph --><\/p>\n<p><!-- wp:paragraph --><\/p>\n<p>Alter: den Urkunden zufolge geboren in Wien vor der letzten Jahrtausendwende<\/p>\n<p><!-- \/wp:paragraph --><\/p>\n<p><!-- wp:paragraph --><\/p>\n<p>Geburtstag: 1 x pro Jahr \ud83d\ude42<\/p>\n<p><!-- \/wp:paragraph --><\/p>\n<p><!-- wp:paragraph --><\/p>\n<p>42 \u2026 ist die Antwort ...<\/p>\n<p><!-- \/wp:paragraph --><\/p>\n<p><!-- wp:paragraph --><\/p>\n<p>... auf die Frage nach dem Sinn des Lebens, dem Universum, und dem ganzen Rest. (in English: 42 is the Answer to the Ultimate Question of Life, the Universe, and Everything. (<a href=\"https:\/\/en.wikipedia.org\/wiki\/The_Hitchhiker%27s_Guide_to_the_Galaxy\">Engl<\/a>.)<br \/>\n(<a href=\"http:\/\/de.wikipedia.org\/wiki\/Per_Anhalter_durch_die_Galaxis\">nach Douglas Adams<\/a>) \ud83d\ude42<\/p>\n<p><!-- \/wp:paragraph --><\/p>\n<p><!-- wp:paragraph --><\/p>\n<p>Meine Freizeitbesch\u00e4ftigung:<\/p>\n<p><!-- \/wp:paragraph --><\/p>\n<p><!-- wp:list {\"ordered\":true} --><\/p>\n<ol>\n<li>Seit Beginn meiner Lehrt\u00e4tigkeit bin ich meistens mit Vorbereitung, Evaluierung und Nachbereitung meiner Stunden gut ausgelastet. F\u00fcr andere T\u00e4tigkeiten und Sozialkontakte au\u00dferhalb von Schule und Familie bleibt da sehr oft nur wenig Zeit!\u00a0\u00a0 \ud83d\ude42 hmm :-\/<\/li>\n<li>Damit mich und meinen K\u00f6rper der dabei gelegentlich aufkommende Stress nicht g\u00e4nzlich schafft, betreibe ich (in kleinen Dosen) Sport: Laufen, Rad fahren, Klettern, Tanzen, Bogenschie\u00dfen, Skifahren, Snowboarden, Tourengehen, OL, Motorradfahren, ....<\/li>\n<li>Was ich sonst noch gerne mache: Plaudern, Lesen, Musik h\u00f6ren, ... sowie:<\/li>\n<li>In der Sonne liegen, Chillen, ...<\/li>\n<li>Gerne verbringe ich gem\u00fctliche Momente mit Freunden, Verwandten oder im Kreis der Familie.<\/li>\n<li>Gelgentlich Webseiten basteln, ...<\/li>\n<li>Mein Motto: Keep smiling and have a nice day!<\/li>\n<li>Also: ... k.s.a.h.a.n.d \ud83d\ude09<\/li>\n<\/ol>\n<p><!-- \/wp:list --><\/p>\n<p><!-- wp:paragraph --><\/p>\n<p>&nbsp;<\/p>\n<\/div>\n<\/div><\/div><\/div><\/div><div id=\"pg-25-1\"  class=\"panel-grid panel-no-style\" ><div id=\"pgc-25-1-0\"  class=\"panel-grid-cell\" ><div id=\"panel-25-1-0-0\" class=\"so-panel widget widget_sow-social-media-buttons panel-first-child panel-last-child\" data-index=\"1\" ><div\n\t\t\t\n\t\t\tclass=\"so-widget-sow-social-media-buttons so-widget-sow-social-media-buttons-wire-7218497dda3b-25\"\n\t\t\t\n\t\t>\n<h3 class=\"widget-title\">Social Media<\/h3>\n<div class=\"social-media-button-container\">\n\t\n\t\t<a \n\t\tclass=\"ow-button-hover sow-social-media-button-pinterest-0 sow-social-media-button\" title=\"Rei007 on Pinterest\" aria-label=\"Rei007 on Pinterest\" target=\"_blank\" rel=\"noopener noreferrer\" href=\"https:\/\/www.pinterest.at\/rei007\/\" \t\t>\n\t\t\t<span>\n\t\t\t\t\t\t\t\t<span class=\"sow-icon-fontawesome sow-fab\" data-sow-icon=\"&#xf0d2;\"\n\t\t \n\t\taria-hidden=\"true\"><\/span>\t\t\t\t\t\t\t<\/span>\n\t\t<\/a>\n\t\n\t\t<a \n\t\tclass=\"ow-button-hover sow-social-media-button-instagram-0 sow-social-media-button\" title=\"Rei007 on Instagram\" aria-label=\"Rei007 on Instagram\" target=\"_blank\" rel=\"noopener noreferrer\" href=\"https:\/\/www.instagram.com\/reinhard007\/\" \t\t>\n\t\t\t<span>\n\t\t\t\t\t\t\t\t<span class=\"sow-icon-fontawesome sow-fab\" data-sow-icon=\"&#xf16d;\"\n\t\t \n\t\taria-hidden=\"true\"><\/span>\t\t\t\t\t\t\t<\/span>\n\t\t<\/a>\n\t\n\t\t<a \n\t\tclass=\"ow-button-hover sow-social-media-button-lastfm-0 sow-social-media-button\" title=\"ReinHard&#039;s Music\" aria-label=\"ReinHard&#039;s Music\" target=\"_blank\" rel=\"noopener noreferrer\" href=\"https:\/\/www.last.fm\/user\/ReinHard_Music\" \t\t>\n\t\t\t<span>\n\t\t\t\t\t\t\t\t<span class=\"sow-icon-fontawesome sow-fab\" data-sow-icon=\"&#xf202;\"\n\t\t \n\t\taria-hidden=\"true\"><\/span>\t\t\t\t\t\t\t<\/span>\n\t\t<\/a>\n\t\n\t\t<a \n\t\tclass=\"ow-button-hover sow-social-media-button-facebook-0 sow-social-media-button\" title=\"Reinhard on FB\" aria-label=\"Reinhard on FB\" target=\"_blank\" rel=\"noopener noreferrer\" href=\"https:\/\/www.facebook.com\/reinhard007\" \t\t>\n\t\t\t<span>\n\t\t\t\t\t\t\t\t<span class=\"sow-icon-fontawesome sow-fab\" data-sow-icon=\"&#xf39e;\"\n\t\t \n\t\taria-hidden=\"true\"><\/span>\t\t\t\t\t\t\t<\/span>\n\t\t<\/a>\n\t<\/div>\n<\/div><\/div><\/div><div id=\"pgc-25-1-1\"  class=\"panel-grid-cell\" ><div id=\"panel-25-1-1-0\" class=\"so-panel widget widget_sow-editor panel-first-child panel-last-child\" data-index=\"2\" ><div\n\t\t\t\n\t\t\tclass=\"so-widget-sow-editor so-widget-sow-editor-base\"\n\t\t\t\n\t\t><h3 class=\"widget-title\">Last Seen On Netflix:<\/h3>\n<div class=\"siteorigin-widget-tinymce textwidget\">\n\t<p>Title: \u201e<strong>BLACK DOVES<\/strong>\u201c<\/p>\n<p>Cast: Keira Knightley,<br \/>\nBen Wishaw, Sarah Lancashire, more<\/p>\n<p>Genres: Political TV Shows, British, TV Mysteries<\/p>\n<p>This movie is: <strong>Suspensful, Emotional<br \/>\n<\/strong><\/p>\n<p><strong>Series<\/strong>:\u00a0 6 Episodes (11.01.2025)<\/p>\n<p>&nbsp;<\/p>\n<\/div>\n<\/div><\/div><\/div><div id=\"pgc-25-1-2\"  class=\"panel-grid-cell\" ><div id=\"panel-25-1-2-0\" class=\"so-panel widget widget_sow-editor panel-first-child panel-last-child\" data-index=\"3\" ><div\n\t\t\t\n\t\t\tclass=\"so-widget-sow-editor so-widget-sow-editor-base\"\n\t\t\t\n\t\t>\n<div class=\"siteorigin-widget-tinymce textwidget\">\n\t<p>Viel Vergn\u00fcgen beim Bl\u00e4ttern durch meine Beitragsseiten und beim Betrachten meiner Fotos!<\/p>\n<p style=\"text-align: right;\"><strong>Reinhard<\/strong><\/p>\n<\/div>\n<\/div><\/div><\/div><div id=\"pgc-25-1-3\"  class=\"panel-grid-cell\" ><div id=\"panel-25-1-3-0\" class=\"so-panel widget widget_sow-image panel-first-child panel-last-child\" data-index=\"4\" ><div\n\t\t\t\n\t\t\tclass=\"so-widget-sow-image so-widget-sow-image-default-8b5b6f678277-25\"\n\t\t\t data-overlay-enabled=\"1\" data-overlay-settings=\"{&quot;enabled_for_widgets&quot;:[&quot;sow-image&quot;,&quot;sow-image-grid&quot;,&quot;sow-simple-masonry&quot;],&quot;theme&quot;:&quot;&quot;,&quot;show_delay&quot;:300,&quot;overlay_color&quot;:&quot;#000000&quot;,&quot;overlay_opacity&quot;:0.8,&quot;overlay_position&quot;:&quot;bottom&quot;,&quot;overlay_size&quot;:0.3,&quot;desktop_show_trigger&quot;:&quot;hover&quot;,&quot;touch_show_trigger&quot;:&quot;touch&quot;,&quot;responsive_breakpoint&quot;:&quot;1024px&quot;,&quot;responsive_breakpoint_unit&quot;:&quot;px&quot;,&quot;overlay_animation&quot;:&quot;fade&quot;,&quot;overlay_animation_onscreen&quot;:false,&quot;font_family&quot;:&quot;&quot;,&quot;text_size&quot;:&quot;15px&quot;,&quot;text_size_unit&quot;:&quot;px&quot;,&quot;text_color&quot;:&quot;#fff&quot;,&quot;text_padding&quot;:&quot;22px 22px 22px 22px&quot;,&quot;text_position&quot;:&quot;middle&quot;,&quot;text_align&quot;:&quot;left&quot;,&quot;text_animation&quot;:&quot;&quot;}\"\n\t\t>\n<div class=\"sow-image-container\">\n\t\t<img \n\tsrc=\"https:\/\/www.reisenberger.at\/reiprivat\/wp-content\/uploads\/2020\/01\/reismilesilber200_o.jpg\" width=\"200\" height=\"293\" sizes=\"(max-width: 200px) 100vw, 200px\" title=\"Reinhard\" alt=\"Reinhard\" \t\tclass=\"so-widget-image\"\/>\n\t<\/div>\n\n<\/div><\/div><\/div><\/div><\/div>","protected":false},"excerpt":{"rendered":"<p>Name: Reinhard Alter: den Urkunden zufolge geboren in Wien vor der letzten Jahrtausendwende Geburtstag: 1 x pro Jahr \ud83d\ude42 42 \u2026 ist die Antwort &#8230;&#8230;<\/p>\n<div class=\"more-link-wrapper\"><a class=\"more-link\" href=\"https:\/\/www.reisenberger.at\/reiprivat\/ueber-mich\/\">Weiterlesen<span class=\"screen-reader-text\">\u00dcber mich<\/span><\/a><\/div>\n","protected":false},"author":1,"featured_media":0,"parent":0,"menu_order":4,"comment_status":"closed","ping_status":"closed","template":"","meta":{"iawp_total_views":69,"footnotes":""},"class_list":["post-25","page","type-page","status-publish","hentry","entry"],"_links":{"self":[{"href":"https:\/\/www.reisenberger.at\/reiprivat\/wp-json\/wp\/v2\/pages\/25","targetHints":{"allow":["GET"]}}],"collection":[{"href":"https:\/\/www.reisenberger.at\/reiprivat\/wp-json\/wp\/v2\/pages"}],"about":[{"href":"https:\/\/www.reisenberger.at\/reiprivat\/wp-json\/wp\/v2\/types\/page"}],"author":[{"embeddable":true,"href":"https:\/\/www.reisenberger.at\/reiprivat\/wp-json\/wp\/v2\/users\/1"}],"replies":[{"embeddable":true,"href":"https:\/\/www.reisenberger.at\/reiprivat\/wp-json\/wp\/v2\/comments?post=25"}],"version-history":[{"count":22,"href":"https:\/\/www.reisenberger.at\/reiprivat\/wp-json\/wp\/v2\/pages\/25\/revisions"}],"predecessor-version":[{"id":958,"href":"https:\/\/www.reisenberger.at\/reiprivat\/wp-json\/wp\/v2\/pages\/25\/revisions\/958"}],"wp:attachment":[{"href":"https:\/\/www.reisenberger.at\/reiprivat\/wp-json\/wp\/v2\/media?parent=25"}],"curies":[{"name":"wp","href":"https:\/\/api.w.org\/{rel}","templated":true}]}}